Last updated on 2023-12-04 01:48:37 CET.
Flavor | Version | Tinstall | Tcheck | Ttotal | Status | Flags |
---|---|---|---|---|---|---|
r-devel-linux-x86_64-debian-clang | 1.0-2 | 19.18 | 150.96 | 170.14 | NOTE | |
r-devel-linux-x86_64-debian-gcc | 1.0-2 | 14.45 | 115.49 | 129.94 | NOTE | |
r-devel-linux-x86_64-fedora-clang | 1.0-2 | 227.48 | OK | |||
r-devel-linux-x86_64-fedora-gcc | 1.0-2 | 234.11 | OK | |||
r-devel-windows-x86_64 | 1.0-2 | 17.00 | 155.00 | 172.00 | OK | |
r-patched-linux-x86_64 | 1.0-2 | 19.10 | 149.84 | 168.94 | OK | |
r-release-linux-x86_64 | 1.0-2 | 14.98 | 149.10 | 164.08 | OK | |
r-release-macos-arm64 | 1.0-2 | 73.00 | OK | |||
r-release-macos-x86_64 | 1.0-2 | 124.00 | NOTE | |||
r-release-windows-x86_64 | 1.0-2 | 22.00 | 180.00 | 202.00 | OK | |
r-oldrel-macos-arm64 | 1.0-2 | 67.00 | OK | |||
r-oldrel-macos-x86_64 | 1.0-2 | 113.00 | OK | |||
r-oldrel-windows-x86_64 | 1.0-2 | 25.00 | 186.00 | 211.00 | OK |
Version: 1.0-2
Check: Rd files
Result: NOTE
checkRd: (-1) C316.amp.Rd:28-32: Lost braces
28 | 40 x {
| ^
checkRd: (-1) C317.amp.Rd:28-32: Lost braces
28 | 40 x {
| ^
checkRd: (-1) C60.amp.Rd:63-67: Lost braces
63 | 40 x {
| ^
Flavors: r-devel-linux-x86_64-debian-clang, r-devel-linux-x86_64-debian-gcc
Version: 1.0-2
Check: package dependencies
Result: NOTE
Packages suggested but not available for checking: 'drc', 'qpcR'
Flavor: r-release-macos-x86_64
Version: 1.0-2
Check: Rd cross-references
Result: NOTE
Package unavailable to check Rd xrefs: ‘qpcR’
Flavor: r-release-macos-x86_64