Last updated on 2024-08-16 00:48:16 CEST.
Flavor | Version | Tinstall | Tcheck | Ttotal | Status | Flags |
---|---|---|---|---|---|---|
r-devel-linux-x86_64-debian-clang | 0.8.0 | 38.86 | 406.67 | 445.53 | OK | |
r-devel-linux-x86_64-debian-gcc | 0.8.0 | 25.57 | 256.99 | 282.56 | OK | |
r-devel-linux-x86_64-fedora-clang | 0.8.0 | 736.01 | NOTE | |||
r-devel-linux-x86_64-fedora-gcc | 0.8.0 | 697.40 | OK | |||
r-devel-windows-x86_64 | 0.8.0 | 40.00 | 331.00 | 371.00 | NOTE | |
r-patched-linux-x86_64 | 0.8.0 | 34.53 | 382.76 | 417.29 | OK | |
r-release-linux-x86_64 | 0.8.0 | 31.44 | 383.44 | 414.88 | OK | |
r-release-macos-arm64 | 0.8.0 | 152.00 | NOTE | |||
r-release-macos-x86_64 | 0.8.0 | 295.00 | NOTE | |||
r-release-windows-x86_64 | 0.8.0 | 44.00 | 331.00 | 375.00 | NOTE | |
r-oldrel-macos-arm64 | 0.8.0 | 172.00 | NOTE | |||
r-oldrel-macos-x86_64 | 0.8.0 | 310.00 | NOTE | |||
r-oldrel-windows-x86_64 | 0.8.0 | 53.00 | 455.00 | 508.00 | NOTE |
Version: 0.8.0
Check: installed package size
Result: NOTE
installed size is 5.5Mb
sub-directories of 1Mb or more:
doc 1.5Mb
help 2.2Mb
Flavors: r-devel-linux-x86_64-fedora-clang, r-devel-windows-x86_64, r-release-macos-arm64, r-release-macos-x86_64, r-release-windows-x86_64, r-oldrel-macos-arm64, r-oldrel-macos-x86_64, r-oldrel-windows-x86_64