Last updated on 2024-08-16 00:48:16 CEST.
Flavor | Version | Tinstall | Tcheck | Ttotal | Status | Flags |
---|---|---|---|---|---|---|
r-devel-linux-x86_64-debian-clang | 0.9.0 | 214.06 | 28.94 | 243.00 | OK | |
r-devel-linux-x86_64-debian-gcc | 0.9.0 | 160.16 | 22.67 | 182.83 | OK | |
r-devel-linux-x86_64-fedora-clang | 0.9.0 | 458.47 | NOTE | |||
r-devel-linux-x86_64-fedora-gcc | 0.9.0 | 461.78 | OK | |||
r-devel-windows-x86_64 | 0.9.0 | 280.00 | 72.00 | 352.00 | OK | |
r-patched-linux-x86_64 | 0.9.0 | 207.54 | 27.33 | 234.87 | OK | |
r-release-linux-x86_64 | 0.9.0 | 210.83 | 27.60 | 238.43 | OK | |
r-release-macos-arm64 | 0.9.0 | 128.00 | NOTE | |||
r-release-macos-x86_64 | 0.9.0 | 172.00 | NOTE | |||
r-release-windows-x86_64 | 0.9.0 | 295.00 | 77.00 | 372.00 | OK | |
r-oldrel-macos-arm64 | 0.9.0 | 124.00 | NOTE | |||
r-oldrel-macos-x86_64 | 0.9.0 | 175.00 | NOTE | |||
r-oldrel-windows-x86_64 | 0.9.0 | 284.00 | 85.00 | 369.00 | OK |
Version: 0.9.0
Check: installed package size
Result: NOTE
installed size is 6.4Mb
sub-directories of 1Mb or more:
libs 6.0Mb
Flavors: r-devel-linux-x86_64-fedora-clang, r-release-macos-arm64, r-release-macos-x86_64, r-oldrel-macos-arm64, r-oldrel-macos-x86_64