Last updated on 2023-11-28 12:51:21 CET.
Flavor | Version | Tinstall | Tcheck | Ttotal | Status | Flags |
---|---|---|---|---|---|---|
r-devel-linux-x86_64-debian-clang | 1.0-8 | 26.05 | 224.05 | 250.10 | NOTE | |
r-devel-linux-x86_64-debian-gcc | 1.0-8 | 23.54 | 170.36 | 193.90 | NOTE | |
r-devel-linux-x86_64-fedora-clang | 1.0-8 | 324.81 | NOTE | |||
r-devel-linux-x86_64-fedora-gcc | 1.0-8 | 331.28 | NOTE | |||
r-devel-windows-x86_64 | 1.0-8 | 26.00 | 214.00 | 240.00 | NOTE | |
r-patched-linux-x86_64 | 1.0-8 | 31.66 | 238.53 | 270.19 | NOTE | |
r-release-linux-x86_64 | 1.0-8 | 27.62 | 241.93 | 269.55 | NOTE | |
r-release-macos-arm64 | 1.0-8 | 102.00 | NOTE | |||
r-release-macos-x86_64 | 1.0-8 | 183.00 | NOTE | |||
r-release-windows-x86_64 | 1.0-8 | 35.00 | 285.00 | 320.00 | NOTE | |
r-oldrel-macos-arm64 | 1.0-8 | 104.00 | OK | |||
r-oldrel-macos-x86_64 | 1.0-8 | 142.00 | OK | |||
r-oldrel-windows-x86_64 | 1.0-8 | 33.00 | 324.00 | 357.00 | OK |
Version: 1.0-8
Check: C++ specification
Result: NOTE
Specified C++11: please drop specification unless essential
Flavors: r-devel-linux-x86_64-debian-clang, r-devel-linux-x86_64-debian-gcc, r-devel-linux-x86_64-fedora-clang, r-devel-linux-x86_64-fedora-gcc, r-devel-windows-x86_64, r-patched-linux-x86_64, r-release-linux-x86_64, r-release-macos-arm64, r-release-macos-x86_64, r-release-windows-x86_64