Last updated on 2023-12-02 12:48:13 CET.
Flavor | Version | Tinstall | Tcheck | Ttotal | Status | Flags |
---|---|---|---|---|---|---|
r-devel-linux-x86_64-debian-clang | 1.0.1 | 3.74 | 154.83 | 158.57 | OK | |
r-devel-linux-x86_64-debian-gcc | 1.0.1 | 2.46 | 114.51 | 116.97 | OK | |
r-devel-linux-x86_64-fedora-clang | 1.0.1 | 189.61 | OK | |||
r-devel-linux-x86_64-fedora-gcc | 1.0.1 | 195.37 | OK | |||
r-devel-windows-x86_64 | 1.0.1 | 5.00 | 296.00 | 301.00 | OK | |
r-patched-linux-x86_64 | 1.0.1 | 3.84 | 145.38 | 149.22 | OK | |
r-release-linux-x86_64 | 1.0.1 | 3.06 | 146.75 | 149.81 | OK | |
r-release-macos-arm64 | 1.0.1 | 63.00 | OK | |||
r-release-macos-x86_64 | 1.0.1 | 214.00 | OK | |||
r-release-windows-x86_64 | 1.0.1 | 6.00 | 177.00 | 183.00 | OK | |
r-oldrel-macos-arm64 | 1.0.1 | 74.00 | OK | |||
r-oldrel-macos-x86_64 | 1.0.1 | 98.00 | ERROR | |||
r-oldrel-windows-x86_64 | 1.0.1 | 7.00 | 193.00 | 200.00 | OK |
Version: 1.0.1
Check: PDF version of manual
Result: WARN
LaTeX errors when creating PDF version.
This typically indicates Rd problems.
LaTeX errors found:
! Undefined control sequence.
<argument> ...{C}=c\mathbf {U}\cdot \operatorname
{diag}(\mathbf {s}) + \mat...
l.149 \mathbf{1}\,\mathbf{o}^T}{}
Flavor: r-oldrel-macos-x86_64
Version: 1.0.1
Check: PDF version of manual without index
Result: ERROR
Flavor: r-oldrel-macos-x86_64