Last updated on 2024-05-07 12:56:04 CEST.
Flavor | Version | Tinstall | Tcheck | Ttotal | Status | Flags |
---|---|---|---|---|---|---|
r-devel-linux-x86_64-debian-clang | 1.0.5 | 5.09 | 63.33 | 68.42 | NOTE | |
r-devel-linux-x86_64-debian-gcc | 1.0.5 | 3.03 | 47.11 | 50.14 | NOTE | |
r-devel-linux-x86_64-fedora-clang | 1.0.5 | 80.32 | NOTE | |||
r-devel-linux-x86_64-fedora-gcc | 1.0.5 | 79.49 | NOTE | |||
r-devel-windows-x86_64 | 1.0.5 | 4.00 | 70.00 | 74.00 | NOTE | |
r-patched-linux-x86_64 | 1.0.5 | 3.74 | 62.01 | 65.75 | NOTE | |
r-release-linux-x86_64 | 1.0.5 | 3.61 | 59.56 | 63.17 | NOTE | |
r-release-macos-arm64 | 1.0.5 | 23.00 | NOTE | |||
r-release-windows-x86_64 | 1.0.5 | 5.00 | 72.00 | 77.00 | NOTE | |
r-oldrel-macos-arm64 | 1.0.5 | 26.00 | OK | |||
r-oldrel-macos-x86_64 | 1.0.5 | 41.00 | OK | |||
r-oldrel-windows-x86_64 | 1.0.5 | 6.00 | 83.00 | 89.00 | OK |
Version: 1.0.5
Check: Rd files
Result: NOTE
checkRd: (-1) bvp.Rd:24: Lost braces
24 | differential equations. The code{midptivp} method solves initial
| ^
checkRd: (-1) ivp.Rd:38: Lost braces
38 | differential equations. The code{midptivp} method solves initial
| ^
checkRd: (-1) ivpsys.Rd:29: Lost braces
29 | differential equations. The code{midptivp} method solves initial
| ^
Flavors: r-devel-linux-x86_64-debian-clang, r-devel-linux-x86_64-debian-gcc, r-devel-linux-x86_64-fedora-clang, r-devel-linux-x86_64-fedora-gcc, r-devel-windows-x86_64, r-patched-linux-x86_64, r-release-linux-x86_64, r-release-macos-arm64, r-release-windows-x86_64