Last updated on 2024-08-16 00:48:17 CEST.
Flavor | Version | Tinstall | Tcheck | Ttotal | Status | Flags |
---|---|---|---|---|---|---|
r-devel-linux-x86_64-debian-clang | 0.3.5 | 4.45 | 37.47 | 41.92 | NOTE | |
r-devel-linux-x86_64-debian-gcc | 0.3.5 | 3.12 | 28.13 | 31.25 | NOTE | |
r-devel-linux-x86_64-fedora-clang | 0.3.5 | 68.81 | OK | |||
r-devel-linux-x86_64-fedora-gcc | 0.3.5 | 75.99 | OK | |||
r-devel-windows-x86_64 | 0.3.5 | 6.00 | 57.00 | 63.00 | NOTE | |
r-patched-linux-x86_64 | 0.3.5 | 6.99 | 35.55 | 42.54 | OK | |
r-release-linux-x86_64 | 0.3.5 | 4.34 | 35.90 | 40.24 | OK | |
r-release-macos-arm64 | 0.3.5 | 30.00 | OK | |||
r-release-macos-x86_64 | 0.3.5 | 49.00 | OK | |||
r-release-windows-x86_64 | 0.3.5 | 7.00 | 57.00 | 64.00 | OK | |
r-oldrel-macos-arm64 | 0.3.5 | 28.00 | OK | |||
r-oldrel-macos-x86_64 | 0.3.5 | 61.00 | OK | |||
r-oldrel-windows-x86_64 | 0.3.5 | 8.00 | 62.00 | 70.00 | OK |
Version: 0.3.5
Check: Rd cross-references
Result: NOTE
Found the following Rd file(s) with Rd \link{} targets missing package
anchors:
create_codemeta.Rd: write_json
write_codemeta.Rd: write_json
Please provide package anchors for all Rd \link{} targets not in the
package itself and the base packages.
Flavors: r-devel-linux-x86_64-debian-clang, r-devel-linux-x86_64-debian-gcc, r-devel-windows-x86_64