Last updated on 2023-12-11 12:52:06 CET.
Flavor | Version | Tinstall | Tcheck | Ttotal | Status | Flags |
---|---|---|---|---|---|---|
r-devel-linux-x86_64-debian-clang | 0.9.5 | 1.69 | 192.90 | 194.59 | NOTE | |
r-devel-linux-x86_64-debian-gcc | 0.9.5 | 2.17 | 140.90 | 143.07 | NOTE | |
r-devel-linux-x86_64-fedora-clang | 0.9.5 | 213.58 | NOTE | |||
r-devel-linux-x86_64-fedora-gcc | 0.9.5 | 225.94 | NOTE | |||
r-devel-windows-x86_64 | 0.9.5 | 4.00 | 135.00 | 139.00 | NOTE | |
r-patched-linux-x86_64 | 0.9.5 | 2.21 | 169.81 | 172.02 | OK | |
r-release-linux-x86_64 | 0.9.5 | 2.67 | 171.63 | 174.30 | OK | |
r-release-macos-arm64 | 0.9.5 | 90.00 | OK | |||
r-release-macos-x86_64 | 0.9.5 | 157.00 | OK | |||
r-release-windows-x86_64 | 0.9.5 | 5.00 | 175.00 | 180.00 | OK | |
r-oldrel-macos-arm64 | 0.9.5 | 69.00 | OK | |||
r-oldrel-macos-x86_64 | 0.9.5 | 113.00 | OK | |||
r-oldrel-windows-x86_64 | 0.9.5 | 7.00 | 190.00 | 197.00 | OK |
Version: 0.9.5
Check: Rd contents
Result: NOTE
Argument items with no description in Rd file 'summary.CommunityClimateInput.Rd':
‘object’ ‘\dots’
Argument items with no description in Rd file 'summary.CommunityClimateStatistics.Rd':
‘object’ ‘\dots’
Flavors: r-devel-linux-x86_64-debian-clang, r-devel-linux-x86_64-debian-gcc, r-devel-linux-x86_64-fedora-clang, r-devel-linux-x86_64-fedora-gcc, r-devel-windows-x86_64