CRAN Package Check Results for Package conmet

Last updated on 2024-04-18 01:55:09 CEST.

Flavor Version Tinstall Tcheck Ttotal Status Flags
r-devel-linux-x86_64-debian-clang 0.1.0 4.77 37.38 42.15 OK
r-devel-linux-x86_64-debian-gcc 0.1.0 3.03 29.05 32.08 OK
r-devel-linux-x86_64-fedora-clang 0.1.0 55.47 NOTE
r-devel-linux-x86_64-fedora-gcc 0.1.0 51.91 NOTE
r-prerel-macos-arm64 0.1.0 22.00 OK
r-prerel-windows-x86_64 0.1.0 5.00 53.00 58.00 OK
r-patched-linux-x86_64 0.1.0 4.29 35.88 40.17 OK
r-release-linux-x86_64 0.1.0 2.72 36.39 39.11 OK
r-release-macos-arm64 0.1.0 22.00 OK
r-release-macos-x86_64 0.1.0 28.00 OK
r-release-windows-x86_64 0.1.0 8.00 56.00 64.00 OK
r-oldrel-macos-arm64 0.1.0 21.00 NOTE
r-oldrel-windows-x86_64 0.1.0 7.00 65.00 72.00 OK

Check Details

Version: 0.1.0
Check: dependencies in R code
Result: NOTE Namespaces in Imports field not imported from: ‘DT’ ‘Hmisc’ ‘dplyr’ ‘foreign’ ‘lavaan’ ‘openxlsx’ ‘purrr’ ‘semTools’ ‘shinyWidgets’ ‘stringr’ ‘summarytools’ ‘waiter’ All declared Imports should be used. Flavors: r-devel-linux-x86_64-fedora-clang, r-devel-linux-x86_64-fedora-gcc, r-oldrel-macos-arm64