CRAN Package Check Results for Package cord

Last updated on 2024-02-26 12:54:19 CET.

Flavor Version Tinstall Tcheck Ttotal Status Flags
r-devel-linux-x86_64-debian-clang 0.1.1 50.03 27.06 77.09 OK
r-devel-linux-x86_64-debian-gcc 0.1.1 36.88 21.15 58.03 OK
r-devel-linux-x86_64-fedora-clang 0.1.1 107.04 NOTE
r-devel-linux-x86_64-fedora-gcc 0.1.1 102.28 NOTE
r-devel-windows-x86_64 0.1.1 36.00 64.00 100.00 OK
r-patched-linux-x86_64 0.1.1 51.89 26.92 78.81 OK
r-release-linux-x86_64 0.1.1 44.26 26.59 70.85 OK
r-release-macos-arm64 0.1.1 28.00 OK
r-release-macos-x86_64 0.1.1 44.00 OK
r-release-windows-x86_64 0.1.1 44.00 68.00 112.00 OK
r-oldrel-macos-arm64 0.1.1 28.00 OK
r-oldrel-windows-x86_64 0.1.1 43.00 66.00 109.00 OK

Check Details

Version: 0.1.1
Check: compiled code
Result: NOTE File ‘cord/libs/cord.so’: Found no calls to: ‘R_registerRoutines’, ‘R_useDynamicSymbols’ It is good practice to register native routines and to disable symbol search. See ‘Writing portable packages’ in the ‘Writing R Extensions’ manual. Flavors: r-devel-linux-x86_64-fedora-clang, r-devel-linux-x86_64-fedora-gcc