Last updated on 2023-12-08 13:49:57 CET.
Flavor | Version | Tinstall | Tcheck | Ttotal | Status | Flags |
---|---|---|---|---|---|---|
r-devel-linux-x86_64-debian-clang | 1.3.3 | 31.12 | 350.55 | 381.67 | NOTE | |
r-devel-linux-x86_64-debian-gcc | 1.3.3 | 24.56 | 257.15 | 281.71 | NOTE | |
r-devel-linux-x86_64-fedora-clang | 1.3.3 | 500.81 | OK | |||
r-devel-linux-x86_64-fedora-gcc | 1.3.3 | 505.37 | OK | |||
r-devel-windows-x86_64 | 1.3.3 | 26.00 | 237.00 | 263.00 | OK | |
r-patched-linux-x86_64 | 1.3.3 | 30.64 | 341.46 | 372.10 | OK | |
r-release-linux-x86_64 | 1.3.3 | 27.83 | 332.26 | 360.09 | OK | |
r-release-macos-arm64 | 1.3.3 | 123.00 | OK | |||
r-release-macos-x86_64 | 1.3.3 | 222.00 | OK | |||
r-release-windows-x86_64 | 1.3.3 | 33.00 | 301.00 | 334.00 | OK | |
r-oldrel-macos-arm64 | 1.3.3 | 107.00 | OK | |||
r-oldrel-macos-x86_64 | 1.3.3 | 135.00 | OK | |||
r-oldrel-windows-x86_64 | 1.3.3 | 36.00 | 299.00 | 335.00 | OK |
Version: 1.3.3
Check: Rd files
Result: NOTE
checkRd: (-1) getSurface.Rd:22: Lost braces
22 | value \code{getSurface} shortens the output of \code{conv} to remove artificial surface layers. The output is thus a subset of the input, and identical in structure to the /code{conv} output.
| ^
Flavors: r-devel-linux-x86_64-debian-clang, r-devel-linux-x86_64-debian-gcc