CRAN Package Check Results for Package correlation

Last updated on 2024-03-03 01:53:30 CET.

Flavor Version Tinstall Tcheck Ttotal Status Flags
r-devel-linux-x86_64-debian-clang 0.8.4 5.66 189.99 195.65 OK
r-devel-linux-x86_64-debian-gcc 0.8.4 4.57 141.10 145.67 OK
r-devel-linux-x86_64-fedora-clang 0.8.4 234.56 OK
r-devel-linux-x86_64-fedora-gcc 0.8.4 244.28 OK
r-devel-windows-x86_64 0.8.4 6.00 165.00 171.00 OK
r-patched-linux-x86_64 0.8.4 9.12 182.55 191.67 OK
r-release-linux-x86_64 0.8.4 5.46 183.31 188.77 OK
r-release-macos-arm64 0.8.4 74.00 OK
r-release-macos-x86_64 0.8.4 153.00 NOTE
r-release-windows-x86_64 0.8.4 8.00 200.00 208.00 OK
r-oldrel-macos-arm64 0.8.4 75.00 OK
r-oldrel-windows-x86_64 0.8.4 8.00 202.00 210.00 OK

Check Details

Version: 0.8.4
Check: package dependencies
Result: NOTE Package suggested but not available for checking: ‘rstanarm’ Flavor: r-release-macos-x86_64