Last updated on 2024-05-08 00:49:42 CEST.
Flavor | Version | Tinstall | Tcheck | Ttotal | Status | Flags |
---|---|---|---|---|---|---|
r-devel-linux-x86_64-debian-clang | 0.1.0 | 1.76 | 82.46 | 84.22 | NOTE | |
r-devel-linux-x86_64-debian-gcc | 0.1.0 | 1.90 | 50.74 | 52.64 | NOTE | |
r-devel-linux-x86_64-fedora-clang | 0.1.0 | 99.55 | NOTE | |||
r-devel-linux-x86_64-fedora-gcc | 0.1.0 | 94.31 | NOTE | |||
r-devel-windows-x86_64 | 0.1.0 | 3.00 | 65.00 | 68.00 | NOTE | |
r-patched-linux-x86_64 | 0.1.0 | 2.65 | 72.46 | 75.11 | NOTE | |
r-release-linux-x86_64 | 0.1.0 | 1.84 | 71.87 | 73.71 | NOTE | |
r-release-macos-arm64 | 0.1.0 | 32.00 | NOTE | |||
r-release-windows-x86_64 | 0.1.0 | 3.00 | 64.00 | 67.00 | NOTE | |
r-oldrel-macos-arm64 | 0.1.0 | 31.00 | NOTE | |||
r-oldrel-macos-x86_64 | 0.1.0 | 46.00 | NOTE | |||
r-oldrel-windows-x86_64 | 0.1.0 | 3.00 | 75.00 | 78.00 | NOTE |
Version: 0.1.0
Check: LazyData
Result: NOTE
'LazyData' is specified without a 'data' directory
Flavors: r-devel-linux-x86_64-debian-clang, r-devel-linux-x86_64-debian-gcc, r-devel-linux-x86_64-fedora-clang, r-devel-linux-x86_64-fedora-gcc, r-devel-windows-x86_64, r-patched-linux-x86_64, r-release-linux-x86_64, r-release-macos-arm64, r-release-windows-x86_64, r-oldrel-macos-arm64, r-oldrel-macos-x86_64, r-oldrel-windows-x86_64