CRAN Package Check Results for Package counterfactuals

Last updated on 2024-03-03 13:54:11 CET.

Flavor Version Tinstall Tcheck Ttotal Status Flags
r-devel-linux-x86_64-debian-clang 0.1.2 22.06 99.23 121.29 OK
r-devel-linux-x86_64-debian-gcc 0.1.2 19.53 75.53 95.06 OK
r-devel-linux-x86_64-fedora-clang 0.1.2 158.63 OK
r-devel-linux-x86_64-fedora-gcc 0.1.2 167.72 OK
r-devel-windows-x86_64 0.1.2 19.00 94.00 113.00 OK
r-patched-linux-x86_64 0.1.2 19.75 97.33 117.08 OK
r-release-linux-x86_64 0.1.2 18.60 99.29 117.89 OK
r-release-macos-arm64 0.1.2 51.00 OK
r-release-macos-x86_64 0.1.2 83.00 NOTE
r-release-windows-x86_64 0.1.2 30.00 116.00 146.00 OK
r-oldrel-macos-arm64 0.1.2 36.00 OK
r-oldrel-windows-x86_64 0.1.2 26.00 107.00 133.00 OK

Check Details

Version: 0.1.2
Check: package dependencies
Result: NOTE Package suggested but not available for checking: ‘tidymodels’ Flavor: r-release-macos-x86_64