Last updated on 2023-11-29 01:49:17 CET.
Flavor | Version | Tinstall | Tcheck | Ttotal | Status | Flags |
---|---|---|---|---|---|---|
r-devel-linux-x86_64-debian-clang | 0.1.4 | 174.29 | 39.12 | 213.41 | NOTE | |
r-devel-linux-x86_64-debian-gcc | 0.1.4 | 133.40 | 29.77 | 163.17 | NOTE | |
r-devel-linux-x86_64-fedora-clang | 0.1.4 | 367.32 | NOTE | |||
r-devel-linux-x86_64-fedora-gcc | 0.1.4 | 348.98 | NOTE | |||
r-devel-windows-x86_64 | 0.1.4 | 143.00 | 80.00 | 223.00 | NOTE | |
r-patched-linux-x86_64 | 0.1.4 | 170.44 | 38.05 | 208.49 | NOTE | |
r-release-linux-x86_64 | 0.1.4 | 160.17 | 38.56 | 198.73 | NOTE | |
r-release-macos-arm64 | 0.1.4 | 82.00 | NOTE | |||
r-release-macos-x86_64 | 0.1.4 | 119.00 | NOTE | |||
r-release-windows-x86_64 | 0.1.4 | 192.00 | 84.00 | 276.00 | NOTE | |
r-oldrel-macos-arm64 | 0.1.4 | 64.00 | NOTE | |||
r-oldrel-macos-x86_64 | 0.1.4 | 86.00 | NOTE | |||
r-oldrel-windows-x86_64 | 0.1.4 | 179.00 | 76.00 | 255.00 | NOTE |
Version: 0.1.4
Check: C++ specification
Result: NOTE
Specified C++11: please drop specification unless essential
Flavors: r-devel-linux-x86_64-debian-clang, r-devel-linux-x86_64-debian-gcc, r-devel-linux-x86_64-fedora-clang, r-devel-linux-x86_64-fedora-gcc, r-devel-windows-x86_64, r-patched-linux-x86_64, r-release-linux-x86_64, r-release-macos-arm64, r-release-macos-x86_64, r-release-windows-x86_64
Version: 0.1.4
Check: LazyData
Result: NOTE
'LazyData' is specified without a 'data' directory
Flavors: r-devel-linux-x86_64-debian-clang, r-devel-linux-x86_64-debian-gcc, r-devel-linux-x86_64-fedora-clang, r-devel-linux-x86_64-fedora-gcc, r-devel-windows-x86_64, r-patched-linux-x86_64, r-release-linux-x86_64, r-release-macos-arm64, r-release-macos-x86_64, r-release-windows-x86_64, r-oldrel-macos-arm64, r-oldrel-macos-x86_64, r-oldrel-windows-x86_64