Last updated on 2024-08-16 00:48:17 CEST.
Flavor | Version | Tinstall | Tcheck | Ttotal | Status | Flags |
---|---|---|---|---|---|---|
r-devel-linux-x86_64-debian-clang | 0.1.4 | 10.69 | 94.58 | 105.27 | OK | |
r-devel-linux-x86_64-debian-gcc | 0.1.4 | 10.19 | 68.97 | 79.16 | OK | |
r-devel-linux-x86_64-fedora-clang | 0.1.4 | 172.96 | NOTE | |||
r-devel-linux-x86_64-fedora-gcc | 0.1.4 | 160.18 | NOTE | |||
r-devel-windows-x86_64 | 0.1.4 | 15.00 | 103.00 | 118.00 | OK | |
r-patched-linux-x86_64 | 0.1.4 | 12.32 | 87.98 | 100.30 | OK | |
r-release-linux-x86_64 | 0.1.4 | 12.13 | 88.33 | 100.46 | OK | |
r-release-macos-arm64 | 0.1.4 | 45.00 | OK | |||
r-release-macos-x86_64 | 0.1.4 | 80.00 | OK | |||
r-release-windows-x86_64 | 0.1.4 | 15.00 | 101.00 | 116.00 | OK | |
r-oldrel-macos-arm64 | 0.1.4 | 48.00 | OK | |||
r-oldrel-macos-x86_64 | 0.1.4 | 79.00 | OK | |||
r-oldrel-windows-x86_64 | 0.1.4 | 18.00 | 118.00 | 136.00 | OK |
Version: 0.1.4
Check: dependencies in R code
Result: NOTE
Namespaces in Imports field not imported from:
‘httr’ ‘stringr’
All declared Imports should be used.
Flavors: r-devel-linux-x86_64-fedora-clang, r-devel-linux-x86_64-fedora-gcc