CRAN Package Check Results for Package coxme

Last updated on 2024-02-24 12:49:14 CET.

Flavor Version Tinstall Tcheck Ttotal Status Flags
r-devel-linux-x86_64-debian-clang 2.2-18.1 19.62 264.73 284.35 WARN
r-devel-linux-x86_64-debian-gcc 2.2-18.1 14.36 204.30 218.66 WARN
r-devel-linux-x86_64-fedora-clang 2.2-18.1 361.66 WARN
r-devel-linux-x86_64-fedora-gcc 2.2-18.1 371.13 WARN
r-devel-windows-x86_64 2.2-18.1 19.00 184.00 203.00 WARN --no-vignettes
r-patched-linux-x86_64 2.2-18.1 19.13 269.99 289.12 OK
r-release-linux-x86_64 2.2-18.1 16.35 268.98 285.33 OK
r-release-macos-arm64 2.2-18.1 215.00 OK
r-release-macos-x86_64 2.2-18.1 321.00 OK
r-release-windows-x86_64 2.2-18.1 23.00 165.00 188.00 OK --no-vignettes
r-oldrel-macos-arm64 2.2-18.1 182.00 OK
r-oldrel-windows-x86_64 2.2-18.1 24.00 161.00 185.00 OK --no-vignettes

Check Details

Version: 2.2-18.1
Check: examples
Result: WARN Found the following significant warnings: Warning in is.R() : 'is.R' is deprecated. Warning in is.R() : 'is.R' is deprecated. Warning in is.R() : 'is.R' is deprecated. Warning in is.R() : 'is.R' is deprecated. Warning in is.R() : 'is.R' is deprecated. Warning in is.R() : 'is.R' is deprecated. Warning in is.R() : 'is.R' is deprecated. Deprecated functions may be defunct as soon as of the next release of R. See ?Deprecated. Flavors: r-devel-linux-x86_64-debian-clang, r-devel-linux-x86_64-debian-gcc, r-devel-linux-x86_64-fedora-clang, r-devel-linux-x86_64-fedora-gcc

Version: 2.2-18.1
Flags: --no-vignettes
Check: examples
Result: WARN Found the following significant warnings: Warning in is.R() : 'is.R' is deprecated. Warning in is.R() : 'is.R' is deprecated. Warning in is.R() : 'is.R' is deprecated. Warning in is.R() : 'is.R' is deprecated. Warning in is.R() : 'is.R' is deprecated. Warning in is.R() : 'is.R' is deprecated. Warning in is.R() : 'is.R' is deprecated. Deprecated functions may be defunct as soon as of the next release of R. See ?Deprecated. Flavor: r-devel-windows-x86_64