Last updated on 2024-05-06 00:52:37 CEST.
Flavor | Version | Tinstall | Tcheck | Ttotal | Status | Flags |
---|---|---|---|---|---|---|
r-devel-linux-x86_64-debian-clang | 0.1.4 | 4.63 | 133.09 | 137.72 | NOTE | |
r-devel-linux-x86_64-debian-gcc | 0.1.4 | 3.31 | 92.52 | 95.83 | NOTE | |
r-devel-linux-x86_64-fedora-clang | 0.1.4 | 176.82 | NOTE | |||
r-devel-linux-x86_64-fedora-gcc | 0.1.4 | 177.83 | NOTE | |||
r-devel-windows-x86_64 | 0.1.4 | 5.00 | 103.00 | 108.00 | OK | |
r-patched-linux-x86_64 | 0.1.4 | 7.54 | 124.29 | 131.83 | NOTE | |
r-release-linux-x86_64 | 0.1.4 | 3.05 | 123.49 | 126.54 | NOTE | |
r-release-macos-arm64 | 0.1.4 | 53.00 | NOTE | |||
r-release-windows-x86_64 | 0.1.4 | 5.00 | 105.00 | 110.00 | OK | |
r-oldrel-macos-arm64 | 0.1.4 | 52.00 | OK | |||
r-oldrel-macos-x86_64 | 0.1.4 | 82.00 | OK | |||
r-oldrel-windows-x86_64 | 0.1.4 | 6.00 | 128.00 | 134.00 | OK |
Version: 0.1.4
Check: package dependencies
Result: NOTE
Package suggested but not available for checking: ‘BEST’
Flavors: r-devel-linux-x86_64-debian-clang, r-devel-linux-x86_64-debian-gcc, r-devel-linux-x86_64-fedora-clang, r-devel-linux-x86_64-fedora-gcc, r-patched-linux-x86_64, r-release-linux-x86_64, r-release-macos-arm64