CRAN Package Check Results for Package cplm

Last updated on 2024-02-29 01:55:19 CET.

Flavor Version Tinstall Tcheck Ttotal Status Flags
r-devel-linux-x86_64-debian-clang 0.7-12 23.53 149.35 172.88 OK
r-devel-linux-x86_64-debian-gcc 0.7-12 20.20 111.39 131.59 OK
r-devel-linux-x86_64-fedora-clang 0.7-12 217.50 OK
r-devel-linux-x86_64-fedora-gcc 0.7-12 222.55 OK
r-devel-windows-x86_64 0.7-12 26.00 138.00 164.00 OK
r-patched-linux-x86_64 0.7-12 25.68 144.61 170.29 OK
r-release-linux-x86_64 0.7-12 21.75 146.63 168.38 OK
r-release-macos-arm64 0.7-12 76.00 NOTE
r-release-macos-x86_64 0.7-12 144.00 OK
r-release-windows-x86_64 0.7-12 31.00 160.00 191.00 OK
r-oldrel-macos-arm64 0.7-12 76.00 NOTE
r-oldrel-windows-x86_64 0.7-12 33.00 163.00 196.00 OK

Check Details

Version: 0.7-12
Check: re-building of vignette outputs
Result: NOTE Error(s) in re-building vignettes: ... --- re-building ‘cplm.Rnw’ using Sweave Loading required package: coda Loading required package: Matrix Loading required package: splines Error: processing vignette 'cplm.Rnw' failed with diagnostics: Running 'texi2dvi' on 'cplm.tex' failed. LaTeX errors: !pdfTeX error: pdflatex (file bbm10): Font bbm10 at 600 not found ==> Fatal error occurred, no output PDF file produced! --- failed re-building ‘cplm.Rnw’ SUMMARY: processing the following file failed: ‘cplm.Rnw’ Error: Vignette re-building failed. Execution halted Flavors: r-release-macos-arm64, r-oldrel-macos-arm64