Last updated on 2024-08-16 00:48:17 CEST.
Flavor | Version | Tinstall | Tcheck | Ttotal | Status | Flags |
---|---|---|---|---|---|---|
r-devel-linux-x86_64-debian-clang | 0.4.0 | 46.41 | 342.68 | 389.09 | OK | |
r-devel-linux-x86_64-debian-gcc | 0.4.0 | 33.33 | 241.97 | 275.30 | OK | |
r-devel-linux-x86_64-fedora-clang | 0.4.0 | 667.19 | OK | |||
r-devel-linux-x86_64-fedora-gcc | 0.4.0 | 659.55 | OK | |||
r-devel-windows-x86_64 | 0.4.0 | 55.00 | 344.00 | 399.00 | OK | |
r-patched-linux-x86_64 | 0.4.0 | 44.27 | 326.25 | 370.52 | OK | |
r-release-linux-x86_64 | 0.4.0 | 44.25 | 327.57 | 371.82 | OK | |
r-release-macos-arm64 | 0.4.0 | 242.00 | NOTE | |||
r-release-macos-x86_64 | 0.4.0 | 292.00 | NOTE | |||
r-release-windows-x86_64 | 0.4.0 | 56.00 | 342.00 | 398.00 | OK | |
r-oldrel-macos-arm64 | 0.4.0 | 182.00 | NOTE | |||
r-oldrel-macos-x86_64 | 0.4.0 | 354.00 | NOTE | |||
r-oldrel-windows-x86_64 | 0.4.0 | 65.00 | 411.00 | 476.00 | OK |
Version: 0.4.0
Check: installed package size
Result: NOTE
installed size is 5.3Mb
sub-directories of 1Mb or more:
doc 1.6Mb
libs 2.9Mb
Flavors: r-release-macos-arm64, r-release-macos-x86_64, r-oldrel-macos-arm64, r-oldrel-macos-x86_64