Last updated on 2023-12-10 12:50:45 CET.
Flavor | Version | Tinstall | Tcheck | Ttotal | Status | Flags |
---|---|---|---|---|---|---|
r-devel-linux-x86_64-debian-clang | 2.0.2 | 38.75 | 494.37 | 533.12 | NOTE | |
r-devel-linux-x86_64-debian-gcc | 2.0.2 | 25.83 | 370.08 | 395.91 | NOTE | |
r-devel-linux-x86_64-fedora-clang | 2.0.2 | 699.86 | OK | |||
r-devel-linux-x86_64-fedora-gcc | 2.0.2 | 658.84 | OK | |||
r-devel-windows-x86_64 | 2.0.2 | 34.00 | 404.00 | 438.00 | OK | |
r-patched-linux-x86_64 | 2.0.2 | 25.92 | 482.67 | 508.59 | OK | |
r-release-linux-x86_64 | 2.0.2 | 33.16 | 483.68 | 516.84 | OK | |
r-release-macos-arm64 | 2.0.2 | 189.00 | OK | |||
r-release-macos-x86_64 | 2.0.2 | 345.00 | OK | |||
r-release-windows-x86_64 | 2.0.2 | 41.00 | 493.00 | 534.00 | OK | |
r-oldrel-macos-arm64 | 2.0.2 | 164.00 | OK | |||
r-oldrel-macos-x86_64 | 2.0.2 | 265.00 | OK | |||
r-oldrel-windows-x86_64 | 2.0.2 | 43.00 | 493.00 | 536.00 | OK |
Version: 2.0.2
Check: Rd files
Result: NOTE
checkRd: (-1) CytofTree.Rd:47-48: Lost braces in \itemize; \value handles \item{}{} directly
checkRd: (-1) CytofTree.Rd:49: Lost braces in \itemize; \value handles \item{}{} directly
checkRd: (-1) CytofTree.Rd:50: Lost braces in \itemize; \value handles \item{}{} directly
checkRd: (-1) CytofTree.Rd:51-52: Lost braces in \itemize; \value handles \item{}{} directly
checkRd: (-1) CytofTree.Rd:53: Lost braces in \itemize; \value handles \item{}{} directly
checkRd: (-1) CytofTree.Rd:54: Lost braces in \itemize; \value handles \item{}{} directly
checkRd: (-1) CytomeTree.Rd:33-34: Lost braces in \itemize; \value handles \item{}{} directly
checkRd: (-1) CytomeTree.Rd:35: Lost braces in \itemize; \value handles \item{}{} directly
checkRd: (-1) CytomeTree.Rd:36: Lost braces in \itemize; \value handles \item{}{} directly
checkRd: (-1) CytomeTree.Rd:37-38: Lost braces in \itemize; \value handles \item{}{} directly
checkRd: (-1) RetrievePops.Rd:20-21: Lost braces in \itemize; \value handles \item{}{} directly
checkRd: (-1) RetrievePops.Rd:22-23: Lost braces in \itemize; \value handles \item{}{} directly
Flavors: r-devel-linux-x86_64-debian-clang, r-devel-linux-x86_64-debian-gcc