Last updated on 2023-11-28 12:51:22 CET.
Flavor | Version | Tinstall | Tcheck | Ttotal | Status | Flags |
---|---|---|---|---|---|---|
r-devel-linux-x86_64-debian-clang | 3.2.19 | 16.20 | 146.02 | 162.22 | NOTE | |
r-devel-linux-x86_64-debian-gcc | 3.2.19 | 13.10 | 107.72 | 120.82 | NOTE | |
r-devel-linux-x86_64-fedora-clang | 3.2.19 | 207.38 | OK | |||
r-devel-linux-x86_64-fedora-gcc | 3.2.19 | 204.26 | OK | |||
r-devel-windows-x86_64 | 3.2.19 | 15.00 | 142.00 | 157.00 | OK | |
r-patched-linux-x86_64 | 3.2.19 | 24.78 | 138.14 | 162.92 | OK | |
r-release-linux-x86_64 | 3.2.19 | 12.06 | 138.73 | 150.79 | OK | |
r-release-macos-arm64 | 3.2.19 | 54.00 | OK | |||
r-release-macos-x86_64 | 3.2.19 | 108.00 | OK | |||
r-release-windows-x86_64 | 3.2.19 | 23.00 | 173.00 | 196.00 | OK | |
r-oldrel-macos-arm64 | 3.2.19 | 49.00 | OK | |||
r-oldrel-macos-x86_64 | 3.2.19 | 78.00 | OK | |||
r-oldrel-windows-x86_64 | 3.2.19 | 23.00 | 165.00 | 188.00 | OK |
Version: 3.2.19
Check: Rd files
Result: NOTE
checkRd: (-1) Exp249.munit.des.Rd:10: Lost braces
10 | \source{Coombes, N. E. (2009) code{Digger}\emph{: design search tool in R}. {URL:} {\url{http://nswdpibiom.org/austatgen/software/}},
| ^
checkRd: (-1) get.daeTolerance.Rd:3: Lost braces; missing escapes or markup?
3 | \title{Gets the value of {daeTolerance} for the package dae}
| ^
checkRd: (-1) get.daeTolerance.Rd:7: Lost braces; missing escapes or markup?
7 | \value{The \code{vector} of two values for {daeTolerance}, one named \code{element.tol}
| ^
checkRd: (-1) set.daeTolerance.Rd:21: Lost braces; missing escapes or markup?
21 | \value{The \code{vector} {daeTolerance} is returned invisibly.}
| ^
Flavors: r-devel-linux-x86_64-debian-clang, r-devel-linux-x86_64-debian-gcc