Last updated on 2023-12-07 12:49:28 CET.
Flavor | Version | Tinstall | Tcheck | Ttotal | Status | Flags |
---|---|---|---|---|---|---|
r-devel-linux-x86_64-debian-clang | 1.0.1 | 15.20 | 415.20 | 430.40 | NOTE | |
r-devel-linux-x86_64-debian-gcc | 1.0.1 | 11.83 | 286.72 | 298.55 | NOTE | |
r-devel-linux-x86_64-fedora-clang | 1.0.1 | 537.39 | NOTE | |||
r-devel-linux-x86_64-fedora-gcc | 1.0.1 | 498.11 | NOTE | |||
r-devel-windows-x86_64 | 1.0.1 | 14.00 | 264.00 | 278.00 | NOTE | |
r-patched-linux-x86_64 | 1.0.1 | 11.30 | 385.95 | 397.25 | OK | |
r-release-linux-x86_64 | 1.0.1 | 12.70 | 380.98 | 393.68 | OK | |
r-release-macos-arm64 | 1.0.1 | 147.00 | OK | |||
r-release-macos-x86_64 | 1.0.1 | 263.00 | OK | |||
r-release-windows-x86_64 | 1.0.1 | 19.00 | 344.00 | 363.00 | OK | |
r-oldrel-macos-arm64 | 1.0.1 | 129.00 | OK | |||
r-oldrel-macos-x86_64 | 1.0.1 | 212.00 | OK | |||
r-oldrel-windows-x86_64 | 1.0.1 | 19.00 | 338.00 | 357.00 | OK |
Version: 1.0.1
Check: Rd \usage sections
Result: NOTE
Documented arguments not in \usage in Rd file 'mm_run_reg.Rd':
‘all_params’
Functions with \usage entries need to have the appropriate \alias
entries, and all their arguments documented.
The \usage entries must correspond to syntactically valid R code.
See chapter ‘Writing R documentation files’ in the ‘Writing R
Extensions’ manual.
Flavors: r-devel-linux-x86_64-debian-clang, r-devel-linux-x86_64-debian-gcc, r-devel-linux-x86_64-fedora-clang, r-devel-linux-x86_64-fedora-gcc, r-devel-windows-x86_64