CRAN Package Check Results for Package dbscan

Last updated on 2024-03-01 12:51:53 CET.

Flavor Version Tinstall Tcheck Ttotal Status Flags
r-devel-linux-x86_64-debian-clang 1.1-12 191.68 102.94 294.62 OK
r-devel-linux-x86_64-debian-gcc 1.1-12 134.99 77.02 212.01 OK
r-devel-linux-x86_64-fedora-clang 1.1-12 434.20 OK
r-devel-linux-x86_64-fedora-gcc 1.1-12 426.56 OK
r-devel-windows-x86_64 1.1-12 139.00 148.00 287.00 OK
r-patched-linux-x86_64 1.1-12 180.25 100.20 280.45 OK
r-release-linux-x86_64 1.1-12 178.24 100.11 278.35 OK
r-release-macos-arm64 1.1-12 100.00 NOTE
r-release-macos-x86_64 1.1-12 177.00 NOTE
r-release-windows-x86_64 1.1-12 163.00 172.00 335.00 OK
r-oldrel-macos-arm64 1.1-12 95.00 NOTE
r-oldrel-windows-x86_64 1.1-12 164.00 154.00 318.00 OK

Check Details

Version: 1.1-12
Check: installed package size
Result: NOTE installed size is 9.6Mb sub-directories of 1Mb or more: doc 2.6Mb libs 6.4Mb Flavors: r-release-macos-arm64, r-release-macos-x86_64, r-oldrel-macos-arm64