CRAN Package Check Results for Package deeptrafo

Last updated on 2024-03-02 00:53:23 CET.

Flavor Version Tinstall Tcheck Ttotal Status Flags
r-devel-linux-x86_64-debian-clang 0.1-1 15.07 110.98 126.05 OK
r-devel-linux-x86_64-debian-gcc 0.1-1 10.85 83.13 93.98 OK
r-devel-linux-x86_64-fedora-clang 0.1-1 155.42 OK
r-devel-linux-x86_64-fedora-gcc 0.1-1 149.26 OK
r-devel-windows-x86_64 0.1-1 69.00 214.00 283.00 OK
r-patched-linux-x86_64 0.1-1 9.85 108.43 118.28 OK
r-release-linux-x86_64 0.1-1 10.31 105.93 116.24 OK
r-release-macos-arm64 0.1-1 47.00 OK
r-release-macos-x86_64 0.1-1 71.00 NOTE
r-release-windows-x86_64 0.1-1 51.00 176.00 227.00 OK
r-oldrel-macos-arm64 0.1-1 45.00 OK
r-oldrel-windows-x86_64 0.1-1 44.00 170.00 214.00 OK

Check Details

Version: 0.1-1
Check: package dependencies
Result: NOTE Packages suggested but not available for checking: 'tram', 'cotram' Flavor: r-release-macos-x86_64

Version: 0.1-1
Check: Rd cross-references
Result: NOTE Package unavailable to check Rd xrefs: ‘tram’ Flavor: r-release-macos-x86_64