Last updated on 2023-11-28 12:51:23 CET.
Flavor | Version | Tinstall | Tcheck | Ttotal | Status | Flags |
---|---|---|---|---|---|---|
r-devel-linux-x86_64-debian-clang | 0.2.1 | 73.95 | 116.07 | 190.02 | OK | |
r-devel-linux-x86_64-debian-gcc | 0.2.1 | 56.50 | 92.52 | 149.02 | OK | |
r-devel-linux-x86_64-fedora-clang | 0.2.1 | 286.83 | NOTE | |||
r-devel-linux-x86_64-fedora-gcc | 0.2.1 | 280.46 | NOTE | |||
r-devel-windows-x86_64 | 0.2.1 | 61.00 | 143.00 | 204.00 | OK | |
r-patched-linux-x86_64 | 0.2.1 | 68.38 | 113.29 | 181.67 | OK | |
r-release-linux-x86_64 | 0.2.1 | 63.54 | 116.23 | 179.77 | OK | |
r-release-macos-arm64 | 0.2.1 | 82.00 | NOTE | |||
r-release-macos-x86_64 | 0.2.1 | 156.00 | NOTE | |||
r-release-windows-x86_64 | 0.2.1 | 82.00 | 161.00 | 243.00 | OK | |
r-oldrel-macos-arm64 | 0.2.1 | 80.00 | NOTE | |||
r-oldrel-macos-x86_64 | 0.2.1 | 91.00 | NOTE | |||
r-oldrel-windows-x86_64 | 0.2.1 | 75.00 | 153.00 | 228.00 | OK |
Version: 0.2.1
Check: dependencies in R code
Result: NOTE
Namespace in Imports field not imported from: ‘Rcpp’
All declared Imports should be used.
Flavors: r-devel-linux-x86_64-fedora-clang, r-devel-linux-x86_64-fedora-gcc
Version: 0.2.1
Check: installed package size
Result: NOTE
installed size is 6.2Mb
sub-directories of 1Mb or more:
doc 1.9Mb
libs 4.0Mb
Flavors: r-release-macos-arm64, r-release-macos-x86_64, r-oldrel-macos-arm64, r-oldrel-macos-x86_64