CRAN Package Check Results for Package diffeqr

Last updated on 2024-04-22 01:49:29 CEST.

Flavor Version Tinstall Tcheck Ttotal Status Flags
r-devel-linux-x86_64-debian-clang 2.0.1 3.65 40.64 44.29 OK
r-devel-linux-x86_64-debian-gcc 2.0.1 2.87 32.08 34.95 OK
r-devel-linux-x86_64-fedora-clang 2.0.1 57.85 NOTE
r-devel-linux-x86_64-fedora-gcc 2.0.1 68.10 OK
r-prerel-macos-arm64 2.0.1 51.00 NOTE
r-prerel-macos-x86_64 2.0.1 103.00 NOTE
r-prerel-windows-x86_64 2.0.1 6.00 54.00 60.00 NOTE
r-patched-linux-x86_64 2.0.1 3.67 40.29 43.96 OK
r-release-linux-x86_64 2.0.1 3.96 38.25 42.21 OK
r-release-macos-arm64 2.0.1 40.00 NOTE
r-release-macos-x86_64 2.0.1 74.00 NOTE
r-release-windows-x86_64 2.0.1 5.00 64.00 69.00 NOTE
r-oldrel-macos-arm64 2.0.1 57.00 NOTE
r-oldrel-windows-x86_64 2.0.1 4.00 67.00 71.00 NOTE

Check Details

Version: 2.0.1
Check: installed package size
Result: NOTE installed size is 10.9Mb sub-directories of 1Mb or more: doc 10.8Mb Flavors: r-devel-linux-x86_64-fedora-clang, r-prerel-macos-arm64, r-prerel-macos-x86_64, r-prerel-windows-x86_64, r-release-macos-arm64, r-release-macos-x86_64, r-release-windows-x86_64, r-oldrel-macos-arm64, r-oldrel-windows-x86_64