CRAN Package Check Results for Package distTails

Last updated on 2024-04-23 01:56:57 CEST.

Flavor Version Tinstall Tcheck Ttotal Status Flags
r-devel-linux-x86_64-debian-clang 0.1.2 2.31 22.86 25.17 NOTE
r-devel-linux-x86_64-debian-gcc 0.1.2 1.84 17.45 19.29 NOTE
r-devel-linux-x86_64-fedora-clang 0.1.2 31.92 NOTE
r-devel-linux-x86_64-fedora-gcc 0.1.2 30.42 NOTE
r-prerel-macos-arm64 0.1.2 15.00 NOTE
r-prerel-windows-x86_64 0.1.2 3.00 40.00 43.00 NOTE
r-patched-linux-x86_64 0.1.2 2.63 22.38 25.01 NOTE
r-release-linux-x86_64 0.1.2 2.11 22.25 24.36 NOTE
r-release-macos-arm64 0.1.2 17.00 NOTE
r-release-macos-x86_64 0.1.2 19.00 NOTE
r-release-windows-x86_64 0.1.2 3.00 39.00 42.00 NOTE
r-oldrel-macos-arm64 0.1.2 16.00 NOTE
r-oldrel-windows-x86_64 0.1.2 4.00 41.00 45.00 NOTE

Check Details

Version: 0.1.2
Check: LazyData
Result: NOTE 'LazyData' is specified without a 'data' directory Flavors: r-devel-linux-x86_64-debian-clang, r-devel-linux-x86_64-debian-gcc, r-devel-linux-x86_64-fedora-clang, r-devel-linux-x86_64-fedora-gcc, r-prerel-macos-arm64, r-prerel-windows-x86_64, r-patched-linux-x86_64, r-release-linux-x86_64, r-release-macos-arm64, r-release-macos-x86_64, r-release-windows-x86_64, r-oldrel-macos-arm64, r-oldrel-windows-x86_64