CRAN Package Check Results for Package dng

Last updated on 2023-12-01 00:51:53 CET.

Flavor Version Tinstall Tcheck Ttotal Status Flags
r-devel-linux-x86_64-debian-clang 0.2.1 153.27 29.38 182.65 NOTE
r-devel-linux-x86_64-debian-gcc 0.2.1 84.57 23.10 107.67 NOTE
r-devel-linux-x86_64-fedora-clang 0.2.1 296.11 NOTE
r-devel-linux-x86_64-fedora-gcc 0.2.1 243.92 NOTE
r-devel-windows-x86_64 0.2.1 88.00 60.00 148.00 NOTE
r-patched-linux-x86_64 0.2.1 112.00 29.22 141.22 NOTE
r-release-linux-x86_64 0.2.1 108.66 29.39 138.05 NOTE
r-release-macos-arm64 0.2.1 57.00 NOTE
r-release-macos-x86_64 0.2.1 96.00 NOTE
r-release-windows-x86_64 0.2.1 96.00 68.00 164.00 NOTE
r-oldrel-macos-arm64 0.2.1 57.00 NOTE
r-oldrel-macos-x86_64 0.2.1 68.00 NOTE
r-oldrel-windows-x86_64 0.2.1 122.00 68.00 190.00 NOTE

Check Details

Version: 0.2.1
Check: LazyData
Result: NOTE 'LazyData' is specified without a 'data' directory Flavors: r-devel-linux-x86_64-debian-clang, r-devel-linux-x86_64-debian-gcc, r-devel-linux-x86_64-fedora-clang, r-devel-linux-x86_64-fedora-gcc, r-devel-windows-x86_64, r-patched-linux-x86_64, r-release-linux-x86_64, r-release-macos-arm64, r-release-macos-x86_64, r-release-windows-x86_64, r-oldrel-macos-arm64, r-oldrel-macos-x86_64, r-oldrel-windows-x86_64