Last updated on 2023-12-08 13:49:58 CET.
Flavor | Version | Tinstall | Tcheck | Ttotal | Status | Flags |
---|---|---|---|---|---|---|
r-devel-linux-x86_64-debian-clang | 0.0.1 | 10.05 | 118.40 | 128.45 | NOTE | |
r-devel-linux-x86_64-debian-gcc | 0.0.1 | 8.28 | 91.45 | 99.73 | NOTE | |
r-devel-linux-x86_64-fedora-clang | 0.0.1 | 161.99 | NOTE | |||
r-devel-linux-x86_64-fedora-gcc | 0.0.1 | 167.44 | NOTE | |||
r-devel-windows-x86_64 | 0.0.1 | 11.00 | 99.00 | 110.00 | NOTE | |
r-patched-linux-x86_64 | 0.0.1 | 9.07 | 115.17 | 124.24 | OK | |
r-release-linux-x86_64 | 0.0.1 | 7.43 | 112.81 | 120.24 | OK | |
r-release-macos-arm64 | 0.0.1 | 57.00 | OK | |||
r-release-macos-x86_64 | 0.0.1 | 92.00 | OK | |||
r-release-windows-x86_64 | 0.0.1 | 13.00 | 125.00 | 138.00 | OK | |
r-oldrel-macos-arm64 | 0.0.1 | 46.00 | OK | |||
r-oldrel-macos-x86_64 | 0.0.1 | 1802.00 | OK | |||
r-oldrel-windows-x86_64 | 0.0.1 | 13.00 | 124.00 | 137.00 | OK |
Version: 0.0.1
Check: Rd \usage sections
Result: NOTE
Documented arguments not in \usage in Rd file 'check_results.Rd':
‘error_on_failure’ ‘error_on_warning’
Documented arguments not in \usage in Rd file 'function_get_comments.Rd':
‘thresholds’
Documented arguments not in \usage in Rd file 'vignette_results_display.Rd':
‘vignette_results’ ‘error_on_failure’
Functions with \usage entries need to have the appropriate \alias
entries, and all their arguments documented.
The \usage entries must correspond to syntactically valid R code.
See chapter ‘Writing R documentation files’ in the ‘Writing R
Extensions’ manual.
Flavors: r-devel-linux-x86_64-debian-clang, r-devel-linux-x86_64-debian-gcc, r-devel-linux-x86_64-fedora-clang, r-devel-linux-x86_64-fedora-gcc, r-devel-windows-x86_64