Last updated on 2023-12-02 01:51:21 CET.
Flavor | Version | Tinstall | Tcheck | Ttotal | Status | Flags |
---|---|---|---|---|---|---|
r-devel-linux-x86_64-debian-clang | 2.0.3 | 17.22 | 314.42 | 331.64 | NOTE | |
r-devel-linux-x86_64-debian-gcc | 2.0.3 | 15.19 | 236.09 | 251.28 | NOTE | |
r-devel-linux-x86_64-fedora-clang | 2.0.3 | 423.68 | OK | |||
r-devel-linux-x86_64-fedora-gcc | 2.0.3 | 395.62 | OK | |||
r-devel-windows-x86_64 | 2.0.3 | 14.00 | 228.00 | 242.00 | OK | |
r-patched-linux-x86_64 | 2.0.3 | 16.45 | 302.31 | 318.76 | OK | |
r-release-linux-x86_64 | 2.0.3 | 16.93 | 298.51 | 315.44 | OK | |
r-release-macos-arm64 | 2.0.3 | 92.00 | OK | |||
r-release-macos-x86_64 | 2.0.3 | 183.00 | OK | |||
r-release-windows-x86_64 | 2.0.3 | 17.00 | 294.00 | 311.00 | OK | |
r-oldrel-macos-arm64 | 2.0.3 | 81.00 | OK | |||
r-oldrel-macos-x86_64 | 2.0.3 | 108.00 | OK | |||
r-oldrel-windows-x86_64 | 2.0.3 | 24.00 | 300.00 | 324.00 | OK |
Version: 2.0.3
Check: Rd files
Result: NOTE
checkRd: (-1) logistic2_fn.Rd:34: Lost braces; missing escapes or markup?
34 | This function allows values other than {0, 1, -1} for \code{alpha} and \code{delta} but
| ^
checkRd: (-1) loglogistic2_fn.Rd:35: Lost braces; missing escapes or markup?
35 | This function allows values other than {0, 1, -1} for \code{alpha} and \code{delta} but
| ^
Flavors: r-devel-linux-x86_64-debian-clang, r-devel-linux-x86_64-debian-gcc