Last updated on 2023-12-01 00:51:53 CET.
Flavor | Version | Tinstall | Tcheck | Ttotal | Status | Flags |
---|---|---|---|---|---|---|
r-devel-linux-x86_64-debian-clang | 1.1.0 | 118.61 | 73.63 | 192.24 | NOTE | |
r-devel-linux-x86_64-debian-gcc | 1.1.0 | 84.14 | 56.15 | 140.29 | NOTE | |
r-devel-linux-x86_64-fedora-clang | 1.1.0 | 334.88 | NOTE | |||
r-devel-linux-x86_64-fedora-gcc | 1.1.0 | 269.04 | NOTE | |||
r-devel-windows-x86_64 | 1.1.0 | 98.00 | 99.00 | 197.00 | NOTE | |
r-patched-linux-x86_64 | 1.1.0 | 104.19 | 72.96 | 177.15 | NOTE | |
r-release-linux-x86_64 | 1.1.0 | 106.69 | 72.91 | 179.60 | NOTE | |
r-release-macos-arm64 | 1.1.0 | 78.00 | NOTE | |||
r-release-macos-x86_64 | 1.1.0 | 125.00 | NOTE | |||
r-release-windows-x86_64 | 1.1.0 | 125.00 | 110.00 | 235.00 | NOTE | |
r-oldrel-macos-arm64 | 1.1.0 | 69.00 | NOTE | |||
r-oldrel-macos-x86_64 | 1.1.0 | 89.00 | NOTE | |||
r-oldrel-windows-x86_64 | 1.1.0 | 125.00 | 108.00 | 233.00 | NOTE |
Version: 1.1.0
Check: C++ specification
Result: NOTE
Specified C++11: please drop specification unless essential
Flavors: r-devel-linux-x86_64-debian-clang, r-devel-linux-x86_64-debian-gcc, r-devel-linux-x86_64-fedora-clang, r-devel-linux-x86_64-fedora-gcc, r-devel-windows-x86_64, r-patched-linux-x86_64, r-release-linux-x86_64, r-release-macos-arm64, r-release-macos-x86_64, r-release-windows-x86_64
Version: 1.1.0
Check: Rd files
Result: NOTE
checkRd: (-1) predict.drf.Rd:30-31: Lost braces in \itemize; meant \describe ?
checkRd: (-1) predict.drf.Rd:32-33: Lost braces in \itemize; meant \describe ?
checkRd: (-1) predict.drf.Rd:34-35: Lost braces in \itemize; meant \describe ?
checkRd: (-1) predict.drf.Rd:36-37: Lost braces in \itemize; meant \describe ?
checkRd: (-1) predict.drf.Rd:38-39: Lost braces in \itemize; meant \describe ?
checkRd: (-1) predict.drf.Rd:40-41: Lost braces in \itemize; meant \describe ?
checkRd: (-1) predict.drf.Rd:42-43: Lost braces in \itemize; meant \describe ?
checkRd: (-1) predict.drf.Rd:44: Lost braces in \itemize; meant \describe ?
Flavors: r-devel-linux-x86_64-debian-clang, r-devel-linux-x86_64-debian-gcc
Version: 1.1.0
Check: for GNU extensions in Makefiles
Result: NOTE
GNU make is a SystemRequirements.
Flavors: r-devel-linux-x86_64-debian-clang, r-devel-linux-x86_64-debian-gcc, r-devel-linux-x86_64-fedora-clang, r-devel-linux-x86_64-fedora-gcc, r-devel-windows-x86_64, r-patched-linux-x86_64, r-release-linux-x86_64, r-release-macos-arm64, r-release-macos-x86_64, r-release-windows-x86_64, r-oldrel-macos-arm64, r-oldrel-macos-x86_64, r-oldrel-windows-x86_64
Version: 1.1.0
Check: installed package size
Result: NOTE
installed size is 6.7Mb
sub-directories of 1Mb or more:
libs 6.5Mb
Flavors: r-release-macos-arm64, r-release-macos-x86_64, r-oldrel-macos-arm64, r-oldrel-macos-x86_64