Last updated on 2024-05-13 00:51:28 CEST.
Flavor | Version | Tinstall | Tcheck | Ttotal | Status | Flags |
---|---|---|---|---|---|---|
r-devel-linux-x86_64-debian-clang | 1.2.1 | 244.90 | 259.14 | 504.04 | OK | |
r-devel-linux-x86_64-debian-gcc | 1.2.1 | 213.13 | 192.12 | 405.25 | OK | |
r-devel-linux-x86_64-fedora-clang | 1.2.1 | 647.36 | NOTE | |||
r-devel-linux-x86_64-fedora-gcc | 1.2.1 | 786.68 | OK | |||
r-devel-windows-x86_64 | 1.2.1 | 168.00 | 239.00 | 407.00 | OK | |
r-patched-linux-x86_64 | 1.2.1 | 216.23 | 260.92 | 477.15 | OK | |
r-release-linux-x86_64 | 1.2.1 | 233.16 | 247.48 | 480.64 | NOTE | |
r-release-macos-arm64 | 1.2.1 | 153.00 | NOTE | |||
r-release-macos-x86_64 | 1.2.1 | 297.00 | NOTE | |||
r-release-windows-x86_64 | 1.2.1 | 163.00 | 241.00 | 404.00 | OK | |
r-oldrel-macos-arm64 | 1.2.1 | 167.00 | NOTE | |||
r-oldrel-macos-x86_64 | 1.2.1 | 186.00 | NOTE | |||
r-oldrel-windows-x86_64 | 1.2.1 | 243.00 | 306.00 | 549.00 | OK |
Version: 1.2.1
Check: installed package size
Result: NOTE
installed size is 5.5Mb
sub-directories of 1Mb or more:
libs 4.8Mb
Flavors: r-devel-linux-x86_64-fedora-clang, r-release-macos-arm64, r-release-macos-x86_64, r-oldrel-macos-arm64, r-oldrel-macos-x86_64
Version: 1.2.1
Check: package dependencies
Result: NOTE
Package which this enhances but not available for checking: ‘tmbstan’
Flavor: r-release-linux-x86_64