Last updated on 2024-08-16 00:48:19 CEST.
Flavor | Version | Tinstall | Tcheck | Ttotal | Status | Flags |
---|---|---|---|---|---|---|
r-devel-linux-x86_64-debian-clang | 1.0.2 | 6.54 | 176.35 | 182.89 | OK | |
r-devel-linux-x86_64-debian-gcc | 1.0.2 | 3.97 | 110.61 | 114.58 | OK | |
r-devel-linux-x86_64-fedora-clang | 1.0.2 | 286.35 | OK | |||
r-devel-linux-x86_64-fedora-gcc | 1.0.2 | 282.92 | OK | |||
r-devel-windows-x86_64 | 1.0.2 | 8.00 | 179.00 | 187.00 | OK | |
r-patched-linux-x86_64 | 1.0.2 | 5.69 | 164.15 | 169.84 | OK | |
r-release-linux-x86_64 | 1.0.2 | 5.41 | 162.79 | 168.20 | OK | |
r-release-macos-arm64 | 1.0.2 | 81.00 | OK | |||
r-release-macos-x86_64 | 1.0.2 | 147.00 | WARN | |||
r-release-windows-x86_64 | 1.0.2 | 9.00 | 180.00 | 189.00 | OK | |
r-oldrel-macos-arm64 | 1.0.2 | 78.00 | OK | |||
r-oldrel-macos-x86_64 | 1.0.2 | 123.00 | OK | |||
r-oldrel-windows-x86_64 | 1.0.2 | 10.00 | 223.00 | 233.00 | OK |
Version: 1.0.2
Check: re-building of vignette outputs
Result: WARN
Error(s) in re-building vignettes:
...
--- re-building ‘vignettedtComb.Rnw’ using knitr
Error: processing vignette 'vignettedtComb.Rnw' failed with diagnostics:
Running 'texi2dvi' on 'vignettedtComb.tex' failed.
LaTeX errors:
! Undefined control sequence.
l.126 \hlkwd{library}\hldef
{(dtComb)}
?
! Emergency stop.
! Emergency stop.
l.126
End of file on the terminal!
! ==> Fatal error occurred, no output PDF file produced!
--- failed re-building ‘vignettedtComb.Rnw’
SUMMARY: processing the following file failed:
‘vignettedtComb.Rnw’
Error: Vignette re-building failed.
Execution halted
Flavor: r-release-macos-x86_64