Last updated on 2024-08-16 00:48:19 CEST.
Flavor | Version | Tinstall | Tcheck | Ttotal | Status | Flags |
---|---|---|---|---|---|---|
r-devel-linux-x86_64-debian-clang | 0.1.1 | 2.40 | 50.50 | 52.90 | NOTE | |
r-devel-linux-x86_64-debian-gcc | 0.1.1 | 1.75 | 36.84 | 38.59 | NOTE | |
r-devel-linux-x86_64-fedora-clang | 0.1.1 | 89.33 | NOTE | |||
r-devel-linux-x86_64-fedora-gcc | 0.1.1 | 99.36 | NOTE | |||
r-devel-windows-x86_64 | 0.1.1 | 4.00 | 103.00 | 107.00 | NOTE | |
r-patched-linux-x86_64 | 0.1.1 | 2.39 | 50.00 | 52.39 | NOTE | |
r-release-linux-x86_64 | 0.1.1 | 2.04 | 49.53 | 51.57 | NOTE | |
r-release-macos-arm64 | 0.1.1 | 36.00 | NOTE | |||
r-release-macos-x86_64 | 0.1.1 | 53.00 | NOTE | |||
r-release-windows-x86_64 | 0.1.1 | 4.00 | 104.00 | 108.00 | NOTE | |
r-oldrel-macos-arm64 | 0.1.1 | 37.00 | NOTE | |||
r-oldrel-macos-x86_64 | 0.1.1 | 58.00 | NOTE | |||
r-oldrel-windows-x86_64 | 0.1.1 | 3.00 | 113.00 | 116.00 | NOTE |
Version: 0.1.1
Check: Rd files
Result: NOTE
checkRd: (-1) applied_crm.Rd:64: Lost braces; missing escapes or markup?
64 | The empiric model is specified as F(d, beta) = d^{exp(beta)}. The logistic model is
| ^
Flavors: r-devel-linux-x86_64-debian-clang, r-devel-linux-x86_64-debian-gcc, r-devel-linux-x86_64-fedora-clang, r-devel-linux-x86_64-fedora-gcc, r-devel-windows-x86_64, r-patched-linux-x86_64, r-release-linux-x86_64, r-release-macos-arm64, r-release-macos-x86_64, r-release-windows-x86_64
Version: 0.1.1
Check: LazyData
Result: NOTE
'LazyData' is specified without a 'data' directory
Flavors: r-devel-linux-x86_64-debian-clang, r-devel-linux-x86_64-debian-gcc, r-devel-linux-x86_64-fedora-clang, r-devel-linux-x86_64-fedora-gcc, r-devel-windows-x86_64, r-patched-linux-x86_64, r-release-linux-x86_64, r-release-macos-arm64, r-release-macos-x86_64, r-release-windows-x86_64, r-oldrel-macos-arm64, r-oldrel-macos-x86_64, r-oldrel-windows-x86_64