Last updated on 2024-08-16 00:48:19 CEST.
Flavor | Version | Tinstall | Tcheck | Ttotal | Status | Flags |
---|---|---|---|---|---|---|
r-devel-linux-x86_64-debian-clang | 0.1 | 6.01 | 61.00 | 67.01 | NOTE | |
r-devel-linux-x86_64-debian-gcc | 0.1 | 3.98 | 44.63 | 48.61 | NOTE | |
r-devel-linux-x86_64-fedora-clang | 0.1 | 110.48 | NOTE | |||
r-devel-linux-x86_64-fedora-gcc | 0.1 | 115.96 | NOTE | |||
r-devel-windows-x86_64 | 0.1 | 8.00 | 73.00 | 81.00 | NOTE | |
r-patched-linux-x86_64 | 0.1 | 5.36 | 58.26 | 63.62 | NOTE | |
r-release-linux-x86_64 | 0.1 | 4.52 | 57.62 | 62.14 | NOTE | |
r-release-macos-arm64 | 0.1 | 37.00 | NOTE | |||
r-release-macos-x86_64 | 0.1 | 54.00 | NOTE | |||
r-release-windows-x86_64 | 0.1 | 8.00 | 74.00 | 82.00 | NOTE | |
r-oldrel-macos-arm64 | 0.1 | 38.00 | NOTE | |||
r-oldrel-macos-x86_64 | 0.1 | 56.00 | NOTE | |||
r-oldrel-windows-x86_64 | 0.1 | 10.00 | 81.00 | 91.00 | NOTE |
Version: 0.1
Check: LazyData
Result: NOTE
'LazyData' is specified without a 'data' directory
Flavors: r-devel-linux-x86_64-debian-clang, r-devel-linux-x86_64-debian-gcc, r-devel-linux-x86_64-fedora-clang, r-devel-linux-x86_64-fedora-gcc, r-devel-windows-x86_64, r-patched-linux-x86_64, r-release-linux-x86_64, r-release-macos-arm64, r-release-macos-x86_64, r-release-windows-x86_64, r-oldrel-macos-arm64, r-oldrel-macos-x86_64, r-oldrel-windows-x86_64