Last updated on 2024-08-16 00:48:19 CEST.
Flavor | Version | Tinstall | Tcheck | Ttotal | Status | Flags |
---|---|---|---|---|---|---|
r-devel-linux-x86_64-debian-clang | 0.11.0 | 13.23 | 328.96 | 342.19 | OK | |
r-devel-linux-x86_64-debian-gcc | 0.11.0 | 9.23 | 182.93 | 192.16 | OK | |
r-devel-linux-x86_64-fedora-clang | 0.11.0 | 533.28 | NOTE | |||
r-devel-linux-x86_64-fedora-gcc | 0.11.0 | 440.83 | OK | |||
r-devel-windows-x86_64 | 0.11.0 | 14.00 | 261.00 | 275.00 | OK | |
r-patched-linux-x86_64 | 0.11.0 | 11.68 | 249.99 | 261.67 | OK | |
r-release-linux-x86_64 | 0.11.0 | 12.59 | 249.74 | 262.33 | OK | |
r-release-macos-arm64 | 0.11.0 | 178.00 | OK | |||
r-release-macos-x86_64 | 0.11.0 | 229.00 | OK | |||
r-release-windows-x86_64 | 0.11.0 | 15.00 | 258.00 | 273.00 | OK | |
r-oldrel-macos-arm64 | 0.11.0 | 159.00 | WARN | |||
r-oldrel-macos-x86_64 | 0.11.0 | 228.00 | WARN | |||
r-oldrel-windows-x86_64 | 0.11.0 | 20.00 | 318.00 | 338.00 | WARN |
Version: 0.11.0
Check: package dependencies
Result: NOTE
Package suggested but not available for checking: ‘c060’
Flavor: r-devel-linux-x86_64-fedora-clang
Version: 0.11.0
Check: Rd files
Result: WARN
checkRd: (5) ePCR.Rd:0-17: Must have a \description
Flavors: r-oldrel-macos-arm64, r-oldrel-macos-x86_64, r-oldrel-windows-x86_64