CRAN Package Check Results for Package earth

Last updated on 2024-02-27 01:50:01 CET.

Flavor Version Tinstall Tcheck Ttotal Status Flags
r-devel-linux-x86_64-debian-clang 5.3.2 18.76 97.81 116.57 NOTE
r-devel-linux-x86_64-debian-gcc 5.3.2 18.16 72.54 90.70 NOTE
r-devel-linux-x86_64-fedora-clang 5.3.3 157.31 NOTE
r-devel-linux-x86_64-fedora-gcc 5.3.2 155.88 OK
r-devel-windows-x86_64 5.3.2 20.00 92.00 112.00 OK
r-patched-linux-x86_64 5.3.2 23.33 97.00 120.33 OK
r-release-linux-x86_64 5.3.2 18.86 98.19 117.05 OK
r-release-macos-arm64 5.3.3 45.00 OK
r-release-macos-x86_64 5.3.3 90.00 OK
r-release-windows-x86_64 5.3.2 27.00 113.00 140.00 OK
r-oldrel-macos-arm64 5.3.3 43.00 OK
r-oldrel-windows-x86_64 5.3.2 25.00 103.00 128.00 OK

Check Details

Version: 5.3.2
Check: Rd files
Result: NOTE checkRd: (-1) varmod.Rd:99-101: Lost braces in \itemize; meant \describe ? checkRd: (-1) varmod.Rd:102-104: Lost braces in \itemize; meant \describe ? checkRd: (-1) varmod.Rd:105-108: Lost braces in \itemize; meant \describe ? checkRd: (-1) varmod.Rd:109-112: Lost braces in \itemize; meant \describe ? Flavors: r-devel-linux-x86_64-debian-clang, r-devel-linux-x86_64-debian-gcc

Version: 5.3.3
Check: Rd cross-references
Result: NOTE Undeclared package ‘leaps’ in Rd xrefs Flavor: r-devel-linux-x86_64-fedora-clang