Last updated on 2023-12-02 12:48:15 CET.
Flavor | Version | Tinstall | Tcheck | Ttotal | Status | Flags |
---|---|---|---|---|---|---|
r-devel-linux-x86_64-debian-clang | 1.0 | 50.94 | 447.58 | 498.52 | OK | |
r-devel-linux-x86_64-debian-gcc | 1.0 | 40.11 | 337.57 | 377.68 | OK | |
r-devel-linux-x86_64-fedora-clang | 1.0 | 624.18 | NOTE | |||
r-devel-linux-x86_64-fedora-gcc | 1.0 | 613.33 | NOTE | |||
r-devel-windows-x86_64 | 1.0 | 43.00 | 400.00 | 443.00 | OK | |
r-patched-linux-x86_64 | 1.0 | 35.07 | 429.13 | 464.20 | OK | |
r-release-linux-x86_64 | 1.0 | 38.53 | 437.72 | 476.25 | OK | |
r-release-macos-arm64 | 1.0 | 5.00 | ERROR | |||
r-release-macos-x86_64 | 1.0 | 301.00 | OK | |||
r-release-windows-x86_64 | 1.0 | 55.00 | 601.00 | 656.00 | OK | |
r-oldrel-macos-arm64 | 1.0 | 9.00 | ERROR | |||
r-oldrel-macos-x86_64 | 1.0 | 10.00 | ERROR | |||
r-oldrel-windows-x86_64 | 1.0 | 50.00 | 633.00 | 683.00 | OK |
Version: 1.0
Check: dependencies in R code
Result: NOTE
Namespaces in Imports field not imported from:
‘R.utils’ ‘stringi’
All declared Imports should be used.
Flavors: r-devel-linux-x86_64-fedora-clang, r-devel-linux-x86_64-fedora-gcc
Version: 1.0
Check: package dependencies
Result: ERROR
Packages required but not available: 'diffcoexp', 'GEOquery'
See section ‘The DESCRIPTION file’ in the ‘Writing R Extensions’
manual.
Flavor: r-release-macos-arm64
Version: 1.0
Check: package dependencies
Result: ERROR
Package required but not available: ‘diffcoexp’
See section ‘The DESCRIPTION file’ in the ‘Writing R Extensions’
manual.
Flavors: r-oldrel-macos-arm64, r-oldrel-macos-x86_64