CRAN Package Check Results for Package ech

Last updated on 2023-12-08 00:51:53 CET.

Flavor Version Tinstall Tcheck Ttotal Status Flags
r-devel-linux-x86_64-debian-clang 0.1.3 46.71 440.13 486.84 OK
r-devel-linux-x86_64-debian-gcc 0.1.3 38.02 322.89 360.91 OK
r-devel-linux-x86_64-fedora-clang 0.1.3 585.06 NOTE
r-devel-linux-x86_64-fedora-gcc 0.1.3 575.07 NOTE
r-devel-windows-x86_64 0.1.3 38.00 293.00 331.00 OK
r-patched-linux-x86_64 0.1.3 40.81 418.22 459.03 OK
r-release-linux-x86_64 0.1.3 32.35 415.94 448.29 OK
r-release-macos-arm64 0.1.3 130.00 OK
r-release-macos-x86_64 0.1.3 364.00 OK
r-release-windows-x86_64 0.1.3 51.00 384.00 435.00 OK
r-oldrel-macos-arm64 0.1.3 124.00 OK
r-oldrel-macos-x86_64 0.1.3 178.00 OK
r-oldrel-windows-x86_64 0.1.3 54.00 376.00 430.00 OK

Check Details

Version: 0.1.3
Check: data for non-ASCII characters
Result: NOTE Note: found 1281 marked UTF-8 strings Flavors: r-devel-linux-x86_64-fedora-clang, r-devel-linux-x86_64-fedora-gcc