CRAN Package Check Results for Package echarts4r

Last updated on 2024-02-24 00:51:10 CET.

Flavor Version Tinstall Tcheck Ttotal Status Flags
r-devel-linux-x86_64-debian-clang 0.4.5 15.29 151.54 166.83 NOTE
r-devel-linux-x86_64-debian-gcc 0.4.5 11.83 109.04 120.87 NOTE
r-devel-linux-x86_64-fedora-clang 0.4.5 199.95 OK
r-devel-linux-x86_64-fedora-gcc 0.4.5 191.10 OK
r-devel-windows-x86_64 0.4.5 15.00 150.00 165.00 OK
r-patched-linux-x86_64 0.4.5 25.28 142.88 168.16 OK
r-release-linux-x86_64 0.4.5 10.41 146.01 156.42 OK
r-release-macos-arm64 0.4.5 52.00 OK
r-release-macos-x86_64 0.4.5 168.00 OK
r-release-windows-x86_64 0.4.5 21.00 193.00 214.00 OK
r-oldrel-macos-arm64 0.4.5 62.00 OK
r-oldrel-windows-x86_64 0.4.5 21.00 177.00 198.00 OK

Check Details

Version: 0.4.5
Check: Rd files
Result: NOTE checkRd: (-1) e_pictorial.Rd:57-58: Lost braces in \itemize; meant \describe ? checkRd: (-1) e_pictorial.Rd:60: Lost braces in \itemize; meant \describe ? checkRd: (-1) nesting.Rd:48: Lost braces 48 | `{itemStyle: {color: 'red', fontBold: 'bold'}}`. | ^ checkRd: (-1) nesting.Rd:48: Lost braces; missing escapes or markup? 48 | `{itemStyle: {color: 'red', fontBold: 'bold'}}`. | ^ checkRd: (-1) nesting.Rd:51: Lost braces; missing escapes or markup? 51 | `{symbolSize: 4}`. | ^ Flavors: r-devel-linux-x86_64-debian-clang, r-devel-linux-x86_64-debian-gcc