Last updated on 2023-12-06 01:56:01 CET.
Flavor | Version | Tinstall | Tcheck | Ttotal | Status | Flags |
---|---|---|---|---|---|---|
r-devel-linux-x86_64-debian-clang | 0.1.0 | 7.73 | 188.19 | 195.92 | OK | |
r-devel-linux-x86_64-debian-gcc | 0.1.0 | 6.65 | 126.09 | 132.74 | OK | |
r-devel-linux-x86_64-fedora-clang | 0.1.0 | 247.04 | NOTE | |||
r-devel-linux-x86_64-fedora-gcc | 0.1.0 | 252.45 | NOTE | |||
r-devel-windows-x86_64 | 0.1.0 | 9.00 | 186.00 | 195.00 | OK | |
r-patched-linux-x86_64 | 0.1.0 | 5.71 | 191.53 | 197.24 | OK | |
r-release-linux-x86_64 | 0.1.0 | 5.30 | 192.26 | 197.56 | OK | |
r-release-macos-arm64 | 0.1.0 | 86.00 | OK | |||
r-release-macos-x86_64 | 0.1.0 | 153.00 | OK | |||
r-release-windows-x86_64 | 0.1.0 | 10.00 | 237.00 | 247.00 | OK | |
r-oldrel-macos-arm64 | 0.1.0 | 88.00 | NOTE | |||
r-oldrel-macos-x86_64 | 0.1.0 | 176.00 | NOTE | |||
r-oldrel-windows-x86_64 | 0.1.0 | 10.00 | 250.00 | 260.00 | OK |
Version: 0.1.0
Check: dependencies in R code
Result: NOTE
Namespace in Imports field not imported from: ‘pander’
All declared Imports should be used.
Flavors: r-devel-linux-x86_64-fedora-clang, r-devel-linux-x86_64-fedora-gcc, r-oldrel-macos-arm64, r-oldrel-macos-x86_64