Last updated on 2023-12-07 01:54:32 CET.
Flavor | Version | Tinstall | Tcheck | Ttotal | Status | Flags |
---|---|---|---|---|---|---|
r-devel-linux-x86_64-debian-clang | 0.7.0 | 62.28 | 141.10 | 203.38 | OK | |
r-devel-linux-x86_64-debian-gcc | 0.7.0 | 49.25 | 104.63 | 153.88 | OK | |
r-devel-linux-x86_64-fedora-clang | 0.7.0 | 264.95 | OK | |||
r-devel-linux-x86_64-fedora-gcc | 0.7.0 | 262.22 | OK | |||
r-devel-windows-x86_64 | 0.7.0 | 53.00 | 129.00 | 182.00 | OK | |
r-patched-linux-x86_64 | 0.7.0 | 58.03 | 134.36 | 192.39 | OK | |
r-release-linux-x86_64 | 0.7.0 | 57.56 | 136.62 | 194.18 | OK | |
r-release-macos-arm64 | 0.7.0 | 78.00 | NOTE | |||
r-release-macos-x86_64 | 0.7.0 | 126.00 | NOTE | |||
r-release-windows-x86_64 | 0.7.0 | 66.00 | 163.00 | 229.00 | OK | |
r-oldrel-macos-arm64 | 0.7.0 | 73.00 | NOTE | |||
r-oldrel-macos-x86_64 | 0.7.0 | 98.00 | NOTE | |||
r-oldrel-windows-x86_64 | 0.7.0 | 65.00 | 167.00 | 232.00 | OK |
Version: 0.7.0
Check: installed package size
Result: NOTE
installed size is 11.5Mb
sub-directories of 1Mb or more:
libs 11.3Mb
Flavors: r-release-macos-arm64, r-release-macos-x86_64, r-oldrel-macos-arm64, r-oldrel-macos-x86_64