CRAN Package Check Results for Package effectsizescr

Last updated on 2024-04-16 13:51:57 CEST.

Flavor Version Tinstall Tcheck Ttotal Status Flags
r-devel-linux-x86_64-debian-clang 0.1.0 2.26 21.17 23.43 NOTE
r-devel-linux-x86_64-debian-gcc 0.1.0 1.61 16.42 18.03 NOTE
r-devel-linux-x86_64-fedora-clang 0.1.0 29.68 NOTE
r-devel-linux-x86_64-fedora-gcc 0.1.0 27.31 NOTE
r-prerel-macos-arm64 0.1.0 16.00 NOTE
r-prerel-windows-x86_64 0.1.0 2.00 37.00 39.00 NOTE
r-patched-linux-x86_64 0.1.0 2.25 20.10 22.35 NOTE
r-release-linux-x86_64 0.1.0 2.01 20.24 22.25 NOTE
r-release-macos-arm64 0.1.0 15.00 NOTE
r-release-macos-x86_64 0.1.0 20.00 NOTE
r-release-windows-x86_64 0.1.0 3.00 36.00 39.00 NOTE
r-oldrel-macos-arm64 0.1.0 14.00 NOTE
r-oldrel-windows-x86_64 0.1.0 4.00 41.00 45.00 NOTE

Check Details

Version: 0.1.0
Check: LazyData
Result: NOTE 'LazyData' is specified without a 'data' directory Flavors: r-devel-linux-x86_64-debian-clang, r-devel-linux-x86_64-debian-gcc, r-devel-linux-x86_64-fedora-clang, r-devel-linux-x86_64-fedora-gcc, r-prerel-macos-arm64, r-prerel-windows-x86_64, r-patched-linux-x86_64, r-release-linux-x86_64, r-release-macos-arm64, r-release-macos-x86_64, r-release-windows-x86_64, r-oldrel-macos-arm64, r-oldrel-windows-x86_64