Last updated on 2023-12-11 01:52:35 CET.
Flavor | Version | Tinstall | Tcheck | Ttotal | Status | Flags |
---|---|---|---|---|---|---|
r-devel-linux-x86_64-debian-clang | 1.0.3 | 9.77 | 201.14 | 210.91 | OK | |
r-devel-linux-x86_64-debian-gcc | 1.0.3 | 8.25 | 148.64 | 156.89 | OK | |
r-devel-linux-x86_64-fedora-clang | 1.0.3 | 259.52 | NOTE | |||
r-devel-linux-x86_64-fedora-gcc | 1.0.3 | 269.35 | NOTE | |||
r-devel-windows-x86_64 | 1.0.3 | 13.00 | 311.00 | 324.00 | OK | |
r-patched-linux-x86_64 | 1.0.3 | 10.87 | 196.36 | 207.23 | OK | |
r-release-linux-x86_64 | 1.0.3 | 10.28 | 196.35 | 206.63 | OK | |
r-release-macos-arm64 | 1.0.3 | 98.00 | OK | |||
r-release-macos-x86_64 | 1.0.3 | 308.00 | OK | |||
r-release-windows-x86_64 | 1.0.3 | 15.00 | 298.00 | 313.00 | OK | |
r-oldrel-macos-arm64 | 1.0.3 | 85.00 | OK | |||
r-oldrel-macos-x86_64 | 1.0.3 | 121.00 | OK | |||
r-oldrel-windows-x86_64 | 1.0.3 | 15.00 | 291.00 | 306.00 | OK |
Version: 1.0.3
Check: dependencies in R code
Result: NOTE
Namespace in Imports field not imported from: ‘snow’
All declared Imports should be used.
Flavors: r-devel-linux-x86_64-fedora-clang, r-devel-linux-x86_64-fedora-gcc