Last updated on 2024-08-16 00:48:19 CEST.
Flavor | Version | Tinstall | Tcheck | Ttotal | Status | Flags |
---|---|---|---|---|---|---|
r-devel-linux-x86_64-debian-clang | 0.6.0 | 31.93 | 295.09 | 327.02 | NOTE | |
r-devel-linux-x86_64-debian-gcc | 0.6.0 | 21.66 | 187.27 | 208.93 | NOTE | |
r-devel-linux-x86_64-fedora-clang | 0.6.0 | 527.11 | OK | |||
r-devel-linux-x86_64-fedora-gcc | 0.6.0 | 492.53 | OK | |||
r-devel-windows-x86_64 | 0.6.0 | 29.00 | 247.00 | 276.00 | NOTE | |
r-patched-linux-x86_64 | 0.6.0 | 34.16 | 270.41 | 304.57 | OK | |
r-release-linux-x86_64 | 0.6.0 | 32.27 | 270.72 | 302.99 | OK | |
r-release-macos-arm64 | 0.6.0 | 113.00 | OK | |||
r-release-macos-x86_64 | 0.6.0 | 195.00 | OK | |||
r-release-windows-x86_64 | 0.6.0 | 29.00 | 245.00 | 274.00 | OK | |
r-oldrel-macos-arm64 | 0.6.0 | 214.00 | OK | |||
r-oldrel-macos-x86_64 | 0.6.0 | 312.00 | OK | |||
r-oldrel-windows-x86_64 | 0.6.0 | 39.00 | 331.00 | 370.00 | OK |
Version: 0.6.0
Check: Rd cross-references
Result: NOTE
Found the following Rd file(s) with Rd \link{} targets missing package
anchors:
to_as4wrf.Rd: sf
Please provide package anchors for all Rd \link{} targets not in the
package itself and the base packages.
Flavors: r-devel-linux-x86_64-debian-clang, r-devel-linux-x86_64-debian-gcc, r-devel-windows-x86_64