Last updated on 2024-08-16 00:48:19 CEST.
Flavor | Version | Tinstall | Tcheck | Ttotal | Status | Flags |
---|---|---|---|---|---|---|
r-devel-linux-x86_64-debian-clang | 0.99.0 | 3.74 | 57.76 | 61.50 | NOTE | |
r-devel-linux-x86_64-debian-gcc | 0.99.0 | 2.63 | 40.61 | 43.24 | NOTE | |
r-devel-linux-x86_64-fedora-clang | 0.99.0 | 98.18 | OK | |||
r-devel-linux-x86_64-fedora-gcc | 0.99.0 | 106.78 | OK | |||
r-devel-windows-x86_64 | 0.99.0 | 5.00 | 73.00 | 78.00 | NOTE | |
r-patched-linux-x86_64 | 0.99.0 | 6.84 | 54.29 | 61.13 | OK | |
r-release-linux-x86_64 | 0.99.0 | 3.34 | 54.76 | 58.10 | OK | |
r-release-macos-arm64 | 0.99.0 | 35.00 | OK | |||
r-release-macos-x86_64 | 0.99.0 | 54.00 | OK | |||
r-release-windows-x86_64 | 0.99.0 | 7.00 | 74.00 | 81.00 | OK | |
r-oldrel-macos-arm64 | 0.99.0 | 54.00 | OK | |||
r-oldrel-macos-x86_64 | 0.99.0 | 82.00 | OK | |||
r-oldrel-windows-x86_64 | 0.99.0 | 7.00 | 85.00 | 92.00 | OK |
Version: 0.99.0
Check: Rd cross-references
Result: NOTE
Found the following Rd file(s) with Rd \link{} targets missing package
anchors:
get_aws_terrain.Rd: st_crs
get_elev_point.Rd: st_crs
get_elev_raster.Rd: st_crs
get_opentopo.Rd: st_crs
Please provide package anchors for all Rd \link{} targets not in the
package itself and the base packages.
Flavors: r-devel-linux-x86_64-debian-clang, r-devel-linux-x86_64-debian-gcc, r-devel-windows-x86_64