Last updated on 2024-08-16 00:48:19 CEST.
Flavor | Version | Tinstall | Tcheck | Ttotal | Status | Flags |
---|---|---|---|---|---|---|
r-devel-linux-x86_64-debian-clang | 0.1.2 | 3.22 | 28.94 | 32.16 | OK | |
r-devel-linux-x86_64-debian-gcc | 0.1.2 | 2.73 | 20.73 | 23.46 | OK | |
r-devel-linux-x86_64-fedora-clang | 0.1.2 | 50.37 | NOTE | |||
r-devel-linux-x86_64-fedora-gcc | 0.1.2 | 48.63 | NOTE | |||
r-devel-windows-x86_64 | 0.1.2 | 6.00 | 50.00 | 56.00 | OK | |
r-patched-linux-x86_64 | 0.1.2 | 2.94 | 27.27 | 30.21 | OK | |
r-release-linux-x86_64 | 0.1.2 | 2.54 | 27.34 | 29.88 | OK | |
r-release-macos-arm64 | 0.1.2 | 22.00 | OK | |||
r-release-macos-x86_64 | 0.1.2 | 29.00 | OK | |||
r-release-windows-x86_64 | 0.1.2 | 5.00 | 50.00 | 55.00 | OK | |
r-oldrel-macos-arm64 | 0.1.2 | 22.00 | OK | |||
r-oldrel-macos-x86_64 | 0.1.2 | 29.00 | OK | |||
r-oldrel-windows-x86_64 | 0.1.2 | 6.00 | 55.00 | 61.00 | OK |
Version: 0.1.2
Check: dependencies in R code
Result: NOTE
Namespace in Imports field not imported from: ‘datasets’
All declared Imports should be used.
Flavors: r-devel-linux-x86_64-fedora-clang, r-devel-linux-x86_64-fedora-gcc