Last updated on 2023-12-08 13:49:59 CET.
Flavor | Version | Tinstall | Tcheck | Ttotal | Status | Flags |
---|---|---|---|---|---|---|
r-devel-linux-x86_64-debian-clang | 0.4.0 | 6.71 | 53.35 | 60.06 | OK | |
r-devel-linux-x86_64-debian-gcc | 0.4.0 | 5.08 | 39.78 | 44.86 | OK | |
r-devel-linux-x86_64-fedora-clang | 0.4.0 | 74.53 | NOTE | |||
r-devel-linux-x86_64-fedora-gcc | 0.4.0 | 67.95 | NOTE | |||
r-devel-windows-x86_64 | 0.4.0 | 7.00 | 82.00 | 89.00 | OK | |
r-patched-linux-x86_64 | 0.4.0 | 6.02 | 50.29 | 56.31 | OK | |
r-release-linux-x86_64 | 0.4.0 | 4.77 | 49.71 | 54.48 | OK | |
r-release-macos-arm64 | 0.4.0 | 50.00 | OK | |||
r-release-macos-x86_64 | 0.4.0 | 62.00 | OK | |||
r-release-windows-x86_64 | 0.4.0 | 8.00 | 88.00 | 96.00 | OK | |
r-oldrel-macos-arm64 | 0.4.0 | 178.00 | NOTE | |||
r-oldrel-macos-x86_64 | 0.4.0 | 81.00 | NOTE | |||
r-oldrel-windows-x86_64 | 0.4.0 | 9.00 | 91.00 | 100.00 | OK |
Version: 0.4.0
Check: dependencies in R code
Result: NOTE
Namespace in Imports field not imported from: ‘tinytest’
All declared Imports should be used.
Flavors: r-devel-linux-x86_64-fedora-clang, r-devel-linux-x86_64-fedora-gcc, r-oldrel-macos-arm64, r-oldrel-macos-x86_64