Last updated on 2024-08-16 00:48:19 CEST.
Flavor | Version | Tinstall | Tcheck | Ttotal | Status | Flags |
---|---|---|---|---|---|---|
r-devel-linux-x86_64-debian-clang | 0.1.6 | 7.76 | 69.34 | 77.10 | NOTE | |
r-devel-linux-x86_64-debian-gcc | 0.1.6 | 5.09 | 49.56 | 54.65 | NOTE | |
r-devel-linux-x86_64-fedora-clang | 0.1.6 | 125.53 | NOTE | |||
r-devel-linux-x86_64-fedora-gcc | 0.1.6 | 130.31 | NOTE | |||
r-devel-windows-x86_64 | 0.1.6 | 9.00 | 83.00 | 92.00 | NOTE | |
r-patched-linux-x86_64 | 0.1.6 | 7.15 | 64.87 | 72.02 | NOTE | |
r-release-linux-x86_64 | 0.1.6 | 7.29 | 63.35 | 70.64 | NOTE | |
r-release-macos-arm64 | 0.1.6 | 42.00 | NOTE | |||
r-release-macos-x86_64 | 0.1.6 | 68.00 | NOTE | |||
r-release-windows-x86_64 | 0.1.6 | 10.00 | 81.00 | 91.00 | NOTE | |
r-oldrel-macos-arm64 | 0.1.6 | 49.00 | NOTE | |||
r-oldrel-macos-x86_64 | 0.1.6 | 81.00 | NOTE | |||
r-oldrel-windows-x86_64 | 0.1.6 | 11.00 | 91.00 | 102.00 | NOTE |
Version: 0.1.6
Check: package dependencies
Result: NOTE
Package suggested but not available for checking: ‘epidict’
Flavors: r-devel-linux-x86_64-debian-clang, r-devel-linux-x86_64-debian-gcc, r-devel-linux-x86_64-fedora-clang, r-devel-linux-x86_64-fedora-gcc, r-devel-windows-x86_64, r-patched-linux-x86_64, r-release-linux-x86_64, r-release-macos-arm64, r-release-macos-x86_64, r-release-windows-x86_64, r-oldrel-macos-arm64, r-oldrel-macos-x86_64, r-oldrel-windows-x86_64